{"id":64,"date":"2024-11-11T21:08:00","date_gmt":"2024-11-11T20:08:00","guid":{"rendered":"https:\/\/www.rmb82.club\/?page_id=64"},"modified":"2024-12-27T08:57:47","modified_gmt":"2024-12-27T07:57:47","slug":"evenements","status":"publish","type":"page","link":"https:\/\/www.rmb82.club\/index.php\/evenements\/","title":{"rendered":"Ev\u00e8nements"},"content":{"rendered":"\n<h1 class=\"wp-block-heading\">Les \u00e9v\u00e8nements \u00e0 venir<\/h1>\n\n\n\n<p>Le RMB82 organisera 2 courses de ligue en 2025 : <\/p>\n\n\n\n<ul class=\"wp-block-list\">\n<li>Une course de Ligue r\u00e9gionale Occitanie 1\/10\u00e8me \u00e9lectrique le 4 mai <\/li>\n\n\n\n<li>Une course de Ligue r\u00e9gionale Occitanie 1\/8\u00e8me Thermique et Electrique le 28 Septembre<\/li>\n<\/ul>\n\n\n\n<p><\/p>\n","protected":false},"excerpt":{"rendered":"<p>Les \u00e9v\u00e8nements \u00e0 venir Le RMB82 organisera 2 courses de ligue en 2025 :<\/p>\n","protected":false},"author":1,"featured_media":0,"parent":0,"menu_order":0,"comment_status":"closed","ping_status":"closed","template":"page-templates\/homepage.php","meta":{"footnotes":""},"class_list":["post-64","page","type-page","status-publish","hentry"],"_links":{"self":[{"href":"https:\/\/www.rmb82.club\/index.php\/wp-json\/wp\/v2\/pages\/64","targetHints":{"allow":["GET"]}}],"collection":[{"href":"https:\/\/www.rmb82.club\/index.php\/wp-json\/wp\/v2\/pages"}],"about":[{"href":"https:\/\/www.rmb82.club\/index.php\/wp-json\/wp\/v2\/types\/page"}],"author":[{"embeddable":true,"href":"https:\/\/www.rmb82.club\/index.php\/wp-json\/wp\/v2\/users\/1"}],"replies":[{"embeddable":true,"href":"https:\/\/www.rmb82.club\/index.php\/wp-json\/wp\/v2\/comments?post=64"}],"version-history":[{"count":5,"href":"https:\/\/www.rmb82.club\/index.php\/wp-json\/wp\/v2\/pages\/64\/revisions"}],"predecessor-version":[{"id":179,"href":"https:\/\/www.rmb82.club\/index.php\/wp-json\/wp\/v2\/pages\/64\/revisions\/179"}],"wp:attachment":[{"href":"https:\/\/www.rmb82.club\/index.php\/wp-json\/wp\/v2\/media?parent=64"}],"curies":[{"name":"wp","href":"https:\/\/api.w.org\/{rel}","templated":true}]}}